 -t**4/4 + 8*t**3/3 - 5*t**2/2 + 7*t + 3148. Calculate j(7).
21
Let r(a) = 3*a - 10. Let t(d) = 15*d - 979. Let z be t(66). Give r(z).
23
Let m(c) = 9*c + 18. Let z be ((-200)/(-120))/(1/(-3)). Let b(n) = 6*n + 12. Let j(k) = z*m(k) + 8*b(k). Determine j(7).
27
Let c(f) be the third derivative of f**4/24 - 19*f**3/3 + 35*f**2 - 10. Give c(6).
-32
Let s(j) = -140*j - 124. Let x be s(-1). Let u(o) = o. Determine u(x).
16
Let o be 1/(3/((-36)/(-6))). Let f(m) = -m - 10*m**2 + 12*m - 11*m**o + 13 - 11*m**2 + 31*m**2. Calculate f(11).
13
Let h(q) = -q**2 - 7*q - 3. Let o(s) = 5*s - 31. Let z be o(22). Let c = -47 + z. Suppose -c*r = -30*r + 8. Determine h(r).
9
Suppose -4*n - 3*u + 12 = -2*n, -3*u = -2*n. Let h = 2299 + -2297. Let g(y) = -y**3 - 5 + 2*y**h - 4*y**2 + 0*y**2 - 4*y**2 - n*y. Calculate g(-5).
-15
Suppose 5*a - 2*h = 31 - 20, -4*a + 4*h = 8. Let s(i) = i**2 - 5*i + 17. Give s(a).
17
Let i(q) be the first derivative of -2*q**3/3 - q**2 + 6*q - 6104. What is i(5)?
-54
Let u(s) = s**2 + 8*s - 1. Suppose -2*r + 3*d = 48 + 74, 5*r - d = -279. Suppose -2*y + 5*y = 150. Let t = y + r. What is u(t)?
-16
Let l(m) = -m - 5. Let b(o) = 5*o**3 - 79*o**2 - 61. Let y(r) = r**3 - 16*r**2 - 12. Let g(n) = 2*b(n) - 11*y(n). Let w be g(18). Calculate l(w).
-15
Suppose 300*x - 382*x + 410 = 0. Let a(q) = -3*q**2 + 7*q - 11. Determine a(x).
-51
Let m(c) = -5*c + 58. Let j be m(6). Let h(k) = 57 - 7*k**2 - j + k**3 - 25 - 8*k. What is h(8)?
4
Let r(q) = 3*q - 3. Suppose 69 + 105 = 5*s + o, -3*o - 143 = -4*s. Suppose 0 = -14*g + 21*g + s. Give r(g).
-18
Suppose 14 = -3*u - 89*n + 91*n, 4*n - 18 = u. Let g(v) = -4*v**3 - 6*v**2 - v + 4. Give g(u).
14
Let h(i) be the third derivative of -i**5/30 + 3*i**4/4 - 17*i**3/6 - 37*i**2 + 4*i. Give h(8).
-1
Let n = 602 + -505. Suppose 100*r + 6 = n*r. Let p(a) = -2*a**3 - 3*a**2 - 2*a. Give p(r).
8
Suppose 11*d + 262 + 871 = 0. Let q = -100 - d. Let p(c) = -2*c**2. Give p(q).
-18
Let g(x) = -3*x + 28. Let r = 368 + -34. Let y = r + -324. Give g(y).
-2
Suppose -3*m + 7*m = 3*l - 30, -4*m - 12 = 0. Suppose 14*u - 51 - 47 = 0. Let x(c) = 6 - 10*c + u*c + 2*c. Give x(l).
0
Suppose 0 = 17*g - 3569 + 1274. Let c = -130 + g. Let a(u) = 0 - 1 + u**2 - 2*u**2 + 4*u. What is a(c)?
-6
Suppose -22*d - 52 = -26*d. Let n(i) = 53*i + 26. Let u(f) = 150*f + 76. Let b(h) = 17*n(h) - 6*u(h). Determine b(d).
-1
Let u be ((-3)/2)/((-4)/(64/3)). Suppose 30 = u*k - 26. Let v(j) = -j**2 + 5*j - 4. Calculate v(k).
-18
Suppose -2*t - 4*n + 6 = 0, -63 = -4*t + 3*n + 4. Let x(h) = h**2 - 8*h - 16. Determine x(t).
49
Let s(q) = 197*q + 31. Let g(a) = -21*a. Let d(p) = -9*g(p) - s(p). Give d(0).
-31
Let o(c) = -c + 5. Suppose 6*n + 8 + 21 = -1. What is o(n)?
10
Let t(m) = m**3 + 15*m**2 - 48*m + 106. Let f be t(-18). Let r(z) = 2*z**3 + 4*z**2 + 2*z - 3. Give r(f).
-7
Let j(u) be the first derivative of -u**3/3 - 9*u**2 + u - 3607. Give j(-18).
1
Let h = 5340 + -5338. Let l(d) be the first derivative of 1/2*d**h - 4*d + 45. Determine l(5).
1
Suppose k = 2*a + 15, 0 = -a - 5*k + 11 - 35. Let d(q) = -4*q**3 - 48*q**2. Let w(f) = 17*f**3 + 202*f**2 + 11*f. Let s(i) = -4*d(i) - w(i). Calculate s(a).
18
Let p(i) = 3*i - 61*i - 5218*i**2 + 5225*i**2 + 3. Determine p(8).
-13
Let y(l) = l**3 - 6*l**2 - 10*l + 7. Let a be 9/(1 - 4) + (-47)/((-893)/152). What is y(a)?
-68
Let w(v) = -3 - v**2 + 54*v + 57*v - 4*v**3 + 5*v**3 - 110*v. Determine w(0).
-3
Let g be 80/35 + ((-4)/14 - 0). Suppose -4*u = -g*u - 48. Let q(v) = -4*v**3 + 4*v**2 + 18 - u + 12 + 5*v + 3*v**3. What is q(5)?
6
Let j(o) be the second derivative of o**5/20 - o**4/3 + o**3/6 - 2*o + 37. Let w(c) = c**3 - 6*c**2 - 16. Let s be w(6). Let f be 46/14 - s/(-56). What is j(f)?
-6
Let h(i) = 5*i + 151. Let p(v) = 383*v + 1883. Let w be p(-5). What is h(w)?
-9
Let a(k) = 1134 + 1086 + 13*k - 2054. Give a(-14).
-16
Let h(z) = -z**2 - 14*z + 95. Let u be h(5). Suppose u = 6*j + 5*j - 44. Let s(g) = -1 - 5*g - g - 3*g**2 + 5 + 4*g**2. What is s(j)?
-4
Let a(i) = 11*i + 6*i**2 + 4*i + 3 - 13*i + i**3 + 4*i. Let j = -13818 + 13815. Determine a(j).
12
Let z(t) = t**3 - 6*t**2 + 7*t - 11. Suppose 5*d - 23 = -3. Suppose -3*p - 5 = d*f, 0 = -f - 3 - 2. Determine z(p).
-1
Let s(o) = 7*o - 1. Suppose 4*c = 2*w + 158, 5*c - 3*w = -w + 199. Let j = c - 38. Suppose -j = 5*f - 4*y + 2, -f - 4*y = 1. Determine s(f).
-8
Let p(i) be the third derivative of -7/6*i**3 + 0*i**4 + 1/120*i**6 + 0*i + 1/15*i**5 - i**2 + 233. Give p(-3).
2
Let p(a) be the second derivative of 0 - 77*a - 5*a**2 + 5/12*a**4 + 7/6*a**3 - 1/20*a**5. Determine p(6).
-4
Let s(t) be the second derivative of t**5/20 + t**4/2 - 3*t**2/2 - 56*t. Suppose -4*b = -k, 4*k - 2*b = 2 - 16. Determine s(k).
29
Let o(i) = i**2 - 24*i + 24. Let v be o(24). Suppose 5*l = l - v. Let w(b) = b**2 + 4*b + 7. Calculate w(l).
19
Suppose 0 = -23*g + 202 + 28. Suppose 4*q = 2*q - g. Let z(y) = 2*y**2 + 6*y - 7. What is z(q)?
13
Let k(a) be the first derivative of a**4/4 - 3*a**3 - 11*a**2/2 + 12*a + 17. Suppose -c - 3*c = -140. Suppose 0 = 3*x - 15, 3*b + 3*x - 2*x = c. What is k(b)?
2
Let x(t) = 4*t**2 - 3*t**3 + 34 - 16*t + 25*t + 3*t**2 - 2*t**2 + 5*t**3. Calculate x(-4).
-50
Let l(k) = k**3 - 37*k**2 + 55*k + 46. Let v be l(36). Let p = v - 735. Let o(s) = -s**3 - 6*s**2 - 8*s - 5. What is o(p)?
10
Let o(m) = -1 + m**3 - 6*m - 45*m**2 - 49*m**2 + 110*m**2 - 14*m**2. Calculate o(-4).
-9
Suppose 3*i + 4*q + 3 = 4, 32 = i - 5*q. Suppose -22*j = -i*j. Let x(p) = -p - 10. Give x(j).
-10
Suppose -5*w = -3*m - 16, -17 = m - 2*w - 2*w. Suppose 0 = 4*c - 3*f + 48, 71*f + 37 = -m*c + 73*f. Let b(x) = x**3 + 14*x**2 - 17*x - 33. Calculate b(c).
-3
Let q = -84 - -85. Let t(j) be the first derivative of 4 - q - 4 - j + 4 + j**2. Give t(-4).
-9
Let n be ((-48)/(-8))/(-2) - 30/(-2). Let c(a) = 19*a - 8 - a**2 + 2*a**2 - n*a. Let l(q) = q**3 - 2*q**2 - 10*q + 1. Let x be l(4). What is c(x)?
-8
Let g(s) = -6*s - 69. Suppose 14*y + 454 - 272 = 0. What is g(y)?
9
Suppose 20 = -4*n - 8. Let m(x) be the first derivative of x**4/12 + 3*x**3/2 + x**2 + 87*x - 15. Let z(k) be the first derivative of m(k). Give z(n).
-12
Let u(q) = q + 62. Let s be u(26). Suppose 98*y - s*y + 150 = 0. Let v(b) = 3*b + 50. Determine v(y).
5
Let x(n) = -3*n + 69. Let l(s) = 12*s - 139. Let u(v) = -2*l(v) - 5*x(v). Determine u(-8).
5
Let t(x) be the first derivative of x**7/840 - x**6/120 - x**5/120 - x**4/12 + x**3/3 + 59*x**2/2 - 7. Let r(v) be the third derivative of t(v). Give r(4).
10
Let u(o) = -8*o**2 - o + 1. Suppose -23*q + 24*q + 2*x - 17 = 0, q + 8 = 3*x. Suppose 39 = -q*h + 46. Calculate u(h).
-8
Let l(f) = 432*f - 109*f - 5 - 110*f - 99*f - 108*f - 5*f**2. Determine l(1).
-4
Let a = 17 - 32. Let g be ((-258)/a)/(9/(-45)). Let c = g - -93. Let h(l) = -l**3 + 6*l**2 + 4*l + 4. Determine h(c).
-17
Let t(u) = -2*u**3 - 4*u**2 + 3. Let i(l) = -l**3 + 8*l**2 - 12*l - 3. Suppose 4*s = -j - j - 266, -5*j - 647 = s. Let v = j - -135. Let y be i(v). Give t(y).
21
Let r(m) = m - 4. Let w be r(8). Let c(q) = 7*q**3 - 2*q**2 + 3*q + 5. Let b(n) = n + 1. Let h(i) = w*b(i) - c(i). Determine h(1).
-5
Let d(v) = 3*v**2 - 5*v + 5. Let c be ((-8)/6)/((-12)/54) + -4*1. Determine d(c).
7
Let z(o) = 5*o**2 + 60*o - 3. Let n(r) = 10*r**2 + 154*r - 4. Let g(p) = -2*n(p) + 5*z(p). What is g(-3)?
62
Let w(i) = i**3 - 20*i**2 + 635299 + i**3 - 15*i - 635301 + 13*i. Determine w(10).
-22
Let p(q) = q**3 - 11. Let c be -5 + 1 + -2 + -3. Let x be 2/6 - (-3)/c. Calculate p(x).
-11
Suppose -25 = 3*d - 4*o, -10 = -719*d + 723*d - 2*o. Let j(f) = -52*f**2 + f - 2. Determine j(d).
-53
Let b(q) be the third derivative of q**6/120 - 2*q**5/15 - q**4/24 + 2*q**3 - 816*q**2. Give b(9).
84
Let n(z) = 5*z + 34. Let h be (-40)/(-15)*(1 + -4). Give n(h).
-6
Let d be (1158/(-772) - 2/(-4))*0. Let q(o) = o**2 + 5*o**3 - o**3 - o - 3*o**3 + 23. Give q(d).
23
Let g = 164 - 97. Let f(r) = 10 + 17 + r**2 + 18 - g. Determine f(0).
-22
Let u(z) = 3*z - 23. Let j be 1/(-7)*-2 + 600/56. What is u(j)?
10
Suppose 4*o = -2*p, 0 = -2*p + 3*o - 9 - 26. Let q(b) = -13*b**2 - 10*b - 1. Let u(s) = -28*s**2 - 20*s - 1. Let t(w) = -13*q(w) + 6*u(w). Give t(p).
7
Let n(t) = t**2 + 723*t + 3594. Let j be n(-5). Let c(y) be the second derivative of -y**4